7 a prime number?
False
Is 3364128041 a composite number?
True
Is 1354513993 a prime number?
False
Is 3382621553 a composite number?
True
Is 43757279581 prime?
True
Is 8537546117 a prime number?
False
Is 51357709203 a composite number?
True
Is 4065841991 a prime number?
True
Is 25042270697 prime?
True
Is 1230031901 composite?
True
Is 898198559 a prime number?
True
Is 125186012851 a prime number?
False
Is 5862175513 composite?
True
Is 1290434729 composite?
False
Is 2157112087 prime?
False
Is 2134569259 composite?
False
Is 12421091 a prime number?
False
Is 10106628071 composite?
False
Is 539423459 composite?
False
Is 7499395051 a prime number?
False
Is 2683856767 prime?
False
Is 841771403 prime?
False
Is 11348362918 composite?
True
Is 8566781783 a prime number?
False
Is 14653335839 prime?
False
Is 4967053009 prime?
True
Is 2370223727 composite?
True
Is 6539146771 composite?
False
Is 14038933253 composite?
False
Is 2358576371 composite?
False
Is 1014298891 a composite number?
True
Is 5388008333 composite?
False
Is 3375865357 composite?
True
Is 12639433 a composite number?
False
Is 1364670667 composite?
True
Is 194708039 a composite number?
False
Is 7724335819 prime?
False
Is 8841165547 a composite number?
True
Is 15683307799 composite?
True
Is 3563286481 a composite number?
False
Is 881291413 a prime number?
False
Is 36278759893 composite?
False
Is 1180767191 a prime number?
True
Is 2649022361 prime?
False
Is 939219401 prime?
True
Is 11525664533 a prime number?
False
Is 35084839359 a prime number?
False
Is 39437253901 a composite number?
False
Is 80469643 prime?
True
Is 246391573 composite?
False
Is 197917079701 a composite number?
True
Is 198342329 a prime number?
False
Is 185111491 composite?
True
Is 3698097209 a composite number?
False
Is 37441675371 composite?
True
Is 44151577 a composite number?
False
Is 100429814119 composite?
False
Is 604933583 a composite number?
False
Is 2947485661 a composite number?
True
Is 7320650723 prime?
True
Is 49970905591 composite?
False
Is 679563943 a prime number?
True
Is 90305657383 a composite number?
True
Is 238045501 composite?
True
Is 79961879 prime?
True
Is 15573143123 composite?
False
Is 17964270167 a composite number?
False
Is 1898448793 prime?
True
Is 2847179 a composite number?
False
Is 1537819495 composite?
True
Is 4916967337 composite?
True
Is 615394399 a composite number?
False
Is 4293206419 a prime number?
False
Is 1040293091 composite?
True
Is 949110242 composite?
True
Is 215393681 composite?
False
Is 11294982177 prime?
False
Is 2548412141 a composite number?
True
Is 81415774037 composite?
True
Is 221756519 a composite number?
False
Is 160608115 a prime number?
False
Is 7883814509 a composite number?
False
Is 60187356763 a composite number?
True
Is 88422917209 a composite number?
True
Is 8971484369 composite?
False
Is 17066464279 composite?
False
Is 302652437 a composite number?
True
Is 11106208067 composite?
False
Is 1077901543 a composite number?
False
Is 2839308457 prime?
True
Is 47709601207 a prime number?
True
Is 81142602907 a prime number?
False
Is 467224657 composite?
False
Is 2473517467 composite?
True
Is 97689649817 composite?
True
Is 335094527 prime?
True
Is 101826889 a prime number?
False
Is 368600383 a prime number?
False
Is 241361849 composite?
True
Is 528955871 a prime number?
True
Is 55618552193 a prime number?
False
Is 54731973631 a prime number?
True
Is 63145549 a composite number?
False
Is 2504834369 composite?
True
Is 52825958149 prime?
True
Is 497397701 a composite number?
True
Is 61864123 prime?
False
Is 296579171 composite?
True
Is 1381483031 a prime number?
True
Is 37246241821 a composite number?
False
Is 4250706359 composite?
False
Is 46983875641 a prime number?
False
Is 817436929 composite?
True
Is 295645751 composite?
True
Is 5562243943 prime?
True
Is 12268064261 a composite number?
False
Is 14612121827 composite?
False
Is 7176833269 a composite number?
True
Is 82796229121 a prime number?
True
Is 1889688061 prime?
True
Is 12336310639 a composite number?
True
Is 74818859 a composite number?
False
Is 14796876569 composite?
True
Is 213514979 prime?
False
Is 9883759463 a composite number?
False
Is 8485815419 prime?
True
Is 2946045877 a composite number?
False
Is 20516730083 composite?
False
Is 710578697 prime?
True
Is 21897039607 a prime number?
True
Is 677175397 composite?
False
Is 7172918733 composite?
True
Is 44254394791 a prime number?
True
Is 515089921 prime?
True
Is 3682465309 composite?
True
Is 4081755439 a composite number?
True
Is 1319965489 a prime number?
True
Is 2300805029 a composite number?
False
Is 1541647817 prime?
True
Is 5778973587 composite?
True
Is 47529842 composite?
True
Is 47258173409 prime?
False
Is 245326007 a composite number?
False
Is 19713305897 prime?
True
Is 20463446153 a prime number?
True
Is 1514025677 prime?
True
Is 1452581587 a prime number?
True
Is 1064226641 prime?
True
Is 153577537 composite?
False
Is 2192487353 a composite number?
True
Is 2203976419 composite?
True
Is 880299467 a prime number?
False
Is 7815735649 composite?
True
Is 407088962263 composite?
True
Is 378610102351 prime?
False
Is 116756369 prime?
True
Is 14987092553 composite?
False
Is 1780807009 composite?
False
Is 23425308923 a composite number?
False
Is 5784953719 composite?
True
Is 16867754411 prime?
True
Is 12467234311 a composite number?
True
Is 59132056741 composite?
True
Is 16347831419 a composite number?
True
Is 456690899 a prime number?
False
Is 431969 a composite number?
True
Is 1084733183 composite?
True
Is 6368097647 a composite number?
False
Is 1840042241 composite?
True
Is 962052149 prime?
False
Is 61379223761 a prime number?
False
Is 140538011 prime?
False
Is 123771121 prime?
False
Is 7101162151 composite?
False
Is 6608506939 composite?
False
Is 966532571 prime?
True
Is 1548894887 a composite number?
False
Is 765993871 prime?
False
Is 2058475811 a composite number?
True
Is 6666365911 prime?
False
Is 1674123389 prime?
True
Is 12636905587 a prime number?
True
Is 1643648189 prime?
False
Is 19231953941 a prime number?
False
Is 702801739 prime?
False
Is 258428789 a composite number?
True
Is 1765217371 a prime number?
False
Is 1039025803 composite?
True
Is 438748577 a composite number?
False
Is 2091127277 a prime number?
True
Is 11686762715 a composite number?
True
Is 44400713905 prime?
False
Is 17925604651 a composite number?
True
Is 629461241 a composite number?
True
Is 36848862937 a composite number?
True
Is 91817249 a prime number?
True
Is 13724444054 a prime number?
False
Is 89656300933 composite?
False
Is 18728440039 a prime number?
False
Is 1783841503 composite?
False
Is 910502759 a composite number?
False
Is 4216847 composite?
False
Is 10929862283 composite?
True
Is 21417929107 a composite number?
True
Is 2823079799 composite?
True
Is 5968250801 a prime number?
True
Is 137175551 prime?
False
Is 12584669 composite?
True
Is 641603243 composite?
False
Is 26033953591 composite?
False
Is 2865796291 prime?
False
Is 1722295781 a prime number?
True
Is 7611360487 a composite number?
False
Is 782059303 a composite number?
True
Is 530155082 prime?
False
Is 234406453 a prime number?
False
Is 8795826821 prime?
True
Is 70826490037 a prime number?
True
Is 2356684241 a prime number?
False
Is 37926799429 composite?
False
Is 11149380097 composite?
False
Is 53221528187 a composite number?
False
Is 593715617 prime?
False
Is 24939901577 composite?
False
Is 6813896651 composite?
False
Is 22247628749 prime?
True
Is 81836179697 a prime number?
True
Is 5644430053 prime?
True
Is 546208951 composite?
False
Is 562698498391 a composite number?
False
Is 8673772343 a prime number?
False
Is 188160481 composite?
True
Is 1038069727 a composite number?
False
Is 27153554551 a prime number?
False
Is 17047558547 a prime number?
False
Is 7256771563 a composite number?
True
Is 21132813199 prime?
True
Is 162310037 a composite number?
False
Is 3853566319 prime?
True
Is 144744294637 composite?
False
Is 1108654777 composite?
False
Is 7019068669 composite?
True
Is 210665558014 composite?
True
Is 68195857273 a prime number?
True
Is 501602509261 a composite number?
True
Is 2606998249 a prime number?
False
Is 5997539281 prime?
True
Is 873204283 prime?
False
Is 4598997127 composite?
True
Is 590732627